{"id":1294,"date":"2025-05-12T07:28:33","date_gmt":"2025-05-12T07:28:33","guid":{"rendered":"https:\/\/mae.fabricomiweb.es\/?page_id=1294"},"modified":"2025-05-23T11:18:49","modified_gmt":"2025-05-23T11:18:49","slug":"manifiesto-3","status":"publish","type":"page","link":"https:\/\/mae.fabricomiweb.com\/index.php\/manifiesto-3\/","title":{"rendered":"Manifiesto 3 | De la Felleza y de lo Fello"},"content":{"rendered":"\t\t<div data-elementor-type=\"wp-post\" data-elementor-id=\"1294\" class=\"elementor elementor-1294\">\n\t\t\t\t<div class=\"elementor-element elementor-element-bed527e e-flex e-con-boxed e-con e-parent\" data-id=\"bed527e\" data-element_type=\"container\">\n\t\t\t\t\t<div class=\"e-con-inner\">\n\t\t<div class=\"elementor-element elementor-element-d33249d e-con-full e-flex e-con e-child\" data-id=\"d33249d\" data-element_type=\"container\">\n\t\t<div class=\"elementor-element elementor-element-1ea2ad0 e-con-full e-flex e-con e-child\" data-id=\"1ea2ad0\" data-element_type=\"container\">\n\t\t\t\t<div class=\"elementor-element elementor-element-2f1f56e otros-manifiestos-enlaces elementor-widget elementor-widget-text-editor\" data-id=\"2f1f56e\" data-element_type=\"widget\" data-widget_type=\"text-editor.default\">\n\t\t\t\t<div class=\"elementor-widget-container\">\n\t\t\t\t\t\t\t\t\t<p style=\"text-align: right;\"><a href=\"https:\/\/mae.fabricomiweb.com\/index.php\/manifiestos\/\"><strong><span style=\"color: #000000;\">Volver<\/span><\/strong><span style=\"color: #808080;\">atr\u00e1s<\/span> <span style=\"color: #ff9900;\">\/<\/span><\/a><\/p>\t\t\t\t\t\t\t\t<\/div>\n\t\t\t\t<\/div>\n\t\t\t\t<\/div>\n\t\t<div class=\"elementor-element elementor-element-4d94e92 e-con-full e-flex e-con e-child\" data-id=\"4d94e92\" data-element_type=\"container\">\n\t\t<div class=\"elementor-element elementor-element-eded8d0 e-con-full e-flex e-con e-child\" data-id=\"eded8d0\" data-element_type=\"container\">\n\t\t\t\t<div class=\"elementor-element elementor-element-ee47a6a elementor-widget elementor-widget-image\" data-id=\"ee47a6a\" data-element_type=\"widget\" data-widget_type=\"image.default\">\n\t\t\t\t<div class=\"elementor-widget-container\">\n\t\t\t\t\t\t\t\t\t\t\t\t\t\t\t<img fetchpriority=\"high\" decoding=\"async\" width=\"240\" height=\"320\" src=\"https:\/\/mae.fabricomiweb.com\/wp-content\/uploads\/2025\/05\/21022010095647-1.jpg\" class=\"attachment-large size-large wp-image-1125\" alt=\"de la felleza y de lo fello\" srcset=\"https:\/\/mae.fabricomiweb.com\/wp-content\/uploads\/2025\/05\/21022010095647-1.jpg 240w, https:\/\/mae.fabricomiweb.com\/wp-content\/uploads\/2025\/05\/21022010095647-1-225x300.jpg 225w\" sizes=\"(max-width: 240px) 100vw, 240px\" \/>\t\t\t\t\t\t\t\t\t\t\t\t\t\t\t<\/div>\n\t\t\t\t<\/div>\n\t\t<div class=\"elementor-element elementor-element-c5343d9 e-con-full e-flex e-con e-child\" data-id=\"c5343d9\" data-element_type=\"container\">\n\t\t\t\t<div class=\"elementor-element elementor-element-6c1533f elementor-widget elementor-widget-text-editor\" data-id=\"6c1533f\" data-element_type=\"widget\" data-widget_type=\"text-editor.default\">\n\t\t\t\t<div class=\"elementor-widget-container\">\n\t\t\t\t\t\t\t\t\t<p><span style=\"color: #000000;\"><strong>De la Felleza y de lo Fello<\/strong><\/span><\/p>\t\t\t\t\t\t\t\t<\/div>\n\t\t\t\t<\/div>\n\t\t\t\t<div class=\"elementor-element elementor-element-f679023 elementor-widget elementor-widget-text-editor\" data-id=\"f679023\" data-element_type=\"widget\" data-widget_type=\"text-editor.default\">\n\t\t\t\t<div class=\"elementor-widget-container\">\n\t\t\t\t\t\t\t\t\t<p><span style=\"color: #808080;\">Pretesis a vuelapluma.<\/span><\/p>\t\t\t\t\t\t\t\t<\/div>\n\t\t\t\t<\/div>\n\t\t\t\t<\/div>\n\t\t\t\t<\/div>\n\t\t\t\t<\/div>\n\t\t<div class=\"elementor-element elementor-element-8ef9d91 e-con-full e-flex e-con e-child\" data-id=\"8ef9d91\" data-element_type=\"container\">\n\t\t<div class=\"elementor-element elementor-element-71f3242 e-con-full e-flex e-con e-child\" data-id=\"71f3242\" data-element_type=\"container\">\n\t\t\t\t<div class=\"elementor-element elementor-element-989a601 elementor-widget elementor-widget-text-editor\" data-id=\"989a601\" data-element_type=\"widget\" data-widget_type=\"text-editor.default\">\n\t\t\t\t<div class=\"elementor-widget-container\">\n\t\t\t\t\t\t\t\t\t<p style=\"text-align: center;\">Podr\u00edamos comenzar a hablar de la noci\u00f3n de belleza trayendo a colaci\u00f3n algunas definiciones: Plat\u00f3nicas y antiplat\u00f3nicas (\u201dlo bello es lo que causa placer y agrado\u201d; \u201clo bello es un atributo inmanente de las cosas\u201d; \u201clo bello es una realidad absoluta\u201d), E. Burke (\u201cla belleza es un instinto social\u201d), Hutcheson (\u201cla belleza es una realidad perceptible mediante un sentido especial que no exige razonamiento o explicaci\u00f3n\u201d), Kant (\u201clo bello es lo que agrada universalmente y sin necesidad de concepto: finalidad sin fin\u201d), Schopenhauer (\u201cla belleza es el reconocimiento de lo general en lo particular\u201d), V. Cousin (\u201clo bello es uno de los principios espirituales superiores\u201d)&#8230;<br \/>Podr\u00edamos asimismo considerar distintas categor\u00edas o lenguajes desde los que hablar de lo bello: el sem\u00e1ntico, el psicol\u00f3gico, el metaf\u00edsico, el \u00e9tico y el axiol\u00f3gico. Pero no dejar\u00edamos de estar contestando a la pregunta: \u00bfQu\u00e9 es la belleza?. Y yo pienso que la belleza no es. La belleza sucede. Y un suceso no puede ser una cualidad inherente a la cosa y, por tanto, la belleza no puede tampoco estar en la cosa. Es un momento espacio-temporal en el que algo nos conmueve. Por eso no podremos hablar de objetos intr\u00ednsecamente bellos, de sensaciones bellas por antonomasia, o sentimientos fundamentalmente bellos. La cualidad espacio-temporal, transitoria, evanescente de lo bello, anula el absolutismo en lo bello. As\u00ed que, por extensi\u00f3n, la est\u00e9tica s\u00f3lo puede ir dando traspi\u00e9s detr\u00e1s del suceso de la belleza generando categor\u00edas nacidas muertas, m\u00e1s en una constataci\u00f3n de un hecho sucedido que en la implantaci\u00f3n de c\u00f3digos que nos permitan designar lo bello y lo feo..<br \/>Por otro lado esta delimitaci\u00f3n de lo bello y lo feo, esta dicotom\u00eda, esta bipolaridad no es otra cosa que una herencia envenenada del racionalismo, de la modernidad enciclop\u00e9dica, porque la categor\u00eda absoluta, la cualidad bella inherente a la cosa y la dualidad bello-feo se rompen en el suceso: no siempre me conmueve lo mismo, en el mismo lugar, de la misma manera. Noto lo bello en un amanecer y en otro no. Bella puede ser una adolescente reclinada sobre un parterre de flores en primavera y puede ser bella una vieja arrugada agonizando de perfil sobre un catre cutre. Bello el l\u00edmpido r\u00edo apenas nacido y bella la irisaci\u00f3n que forma en el agua el aceite industrial. Bella la brisa en la cara y bello el hurac\u00e1n arrasando la tierra. Bello el placer, bello el dolor.<br \/>Pero bien es cierto que mientras est\u00e9 utilizando en este escrito el t\u00e9rmino \u201cbello\u201d estar\u00e1 remiti\u00e9ndome, estar\u00e9 evocando su contrario: \u201cfeo\u201d y yo me niego a seguir soportando estas dualistas imposiciones decimon\u00f3nicas; as\u00ed que propugno la utilizaci\u00f3n a partir de ahora de un t\u00e9rmino neutro, diluyente y espec\u00edficamente dedicado a toda cosa susceptible de catalizar un suceso conmovedor sin entrar en condiciones dualistas. Exhorto al abandono del t\u00e9rmino \u201cbelleza\u201d y sus derivados y aconsejo, a partir de ahora, el uso del t\u00e9rmino \u201cFELLEZA\u201d y sus derivaciones. O sea que ya podemos decir, para definir (al estilo enciclopedia) una cosa FELLA: \u201cToda cosa que haya sucedido con o en el momento de la percepci\u00f3n de la FELLEZA, ha sido o es FELLA\u201d. Asimismo para definir la FELLEZA podremos decir que es: \u201cEl suceso en el que se nos manifiesta lo FELLO\u201d. Es importante y quiero recalcar la referencia temporal: \u201cha sido o es\u201d porque no podemos asegurar que la cosa sea FELLA en el futuro; la FELLEZA es una condici\u00f3n desprovista de perennidad, por tanto, no podemos asegurar que lo que es o ha sido FELLO lo siga siendo en el futuro.<br \/>Celebremos pues el nacimiento de la FELLEZA.<\/p><p style=\"text-align: center;\">Saludemos pues el advenimiento del reinado de lo FELLO.<\/p><p style=\"text-align: center;\">Que as\u00ed sea.<\/p>\t\t\t\t\t\t\t\t<\/div>\n\t\t\t\t<\/div>\n\t\t\t\t<\/div>\n\t\t<div class=\"elementor-element elementor-element-aab9bad e-con-full e-flex e-con e-child\" data-id=\"aab9bad\" data-element_type=\"container\">\n\t\t\t\t<div class=\"elementor-element elementor-element-d8b170d elementor-widget elementor-widget-image\" data-id=\"d8b170d\" data-element_type=\"widget\" data-widget_type=\"image.default\">\n\t\t\t\t<div class=\"elementor-widget-container\">\n\t\t\t\t\t\t\t\t\t\t\t\t\t\t\t<img decoding=\"async\" width=\"212\" height=\"282\" src=\"https:\/\/mae.fabricomiweb.com\/wp-content\/uploads\/2025\/05\/PICT4321.jpg\" class=\"attachment-large size-large wp-image-1305\" alt=\"\" \/>\t\t\t\t\t\t\t\t\t\t\t\t\t\t\t<\/div>\n\t\t\t\t<\/div>\n\t\t\t\t<\/div>\n\t\t\t\t<\/div>\n\t\t\t\t<\/div>\n\t\t\t\t\t<\/div>\n\t\t\t\t<\/div>\n\t\t\t\t<\/div>\n\t\t","protected":false},"excerpt":{"rendered":"<p>Volveratr\u00e1s \/ De la Felleza y de lo Fello Pretesis a vuelapluma. Podr\u00edamos comenzar a hablar de la noci\u00f3n de belleza trayendo a colaci\u00f3n algunas definiciones: Plat\u00f3nicas y antiplat\u00f3nicas (\u201dlo bello es lo que causa placer y agrado\u201d; \u201clo bello es un atributo inmanente de las cosas\u201d; \u201clo bello es una realidad absoluta\u201d), E. Burke [&hellip;]<\/p>\n","protected":false},"author":1,"featured_media":0,"parent":0,"menu_order":0,"comment_status":"closed","ping_status":"closed","template":"","meta":{"ocean_post_layout":"full-screen","ocean_both_sidebars_style":"","ocean_both_sidebars_content_width":0,"ocean_both_sidebars_sidebars_width":0,"ocean_sidebar":"0","ocean_second_sidebar":"0","ocean_disable_margins":"enable","ocean_add_body_class":"","ocean_shortcode_before_top_bar":"","ocean_shortcode_after_top_bar":"","ocean_shortcode_before_header":"","ocean_shortcode_after_header":"","ocean_has_shortcode":"","ocean_shortcode_after_title":"","ocean_shortcode_before_footer_widgets":"","ocean_shortcode_after_footer_widgets":"","ocean_shortcode_before_footer_bottom":"","ocean_shortcode_after_footer_bottom":"","ocean_display_top_bar":"default","ocean_display_header":"default","ocean_header_style":"","ocean_center_header_left_menu":"0","ocean_custom_header_template":"0","ocean_custom_logo":0,"ocean_custom_retina_logo":0,"ocean_custom_logo_max_width":0,"ocean_custom_logo_tablet_max_width":0,"ocean_custom_logo_mobile_max_width":0,"ocean_custom_logo_max_height":0,"ocean_custom_logo_tablet_max_height":0,"ocean_custom_logo_mobile_max_height":0,"ocean_header_custom_menu":"0","ocean_menu_typo_font_family":"0","ocean_menu_typo_font_subset":"","ocean_menu_typo_font_size":0,"ocean_menu_typo_font_size_tablet":0,"ocean_menu_typo_font_size_mobile":0,"ocean_menu_typo_font_size_unit":"px","ocean_menu_typo_font_weight":"","ocean_menu_typo_font_weight_tablet":"","ocean_menu_typo_font_weight_mobile":"","ocean_menu_typo_transform":"","ocean_menu_typo_transform_tablet":"","ocean_menu_typo_transform_mobile":"","ocean_menu_typo_line_height":0,"ocean_menu_typo_line_height_tablet":0,"ocean_menu_typo_line_height_mobile":0,"ocean_menu_typo_line_height_unit":"","ocean_menu_typo_spacing":0,"ocean_menu_typo_spacing_tablet":0,"ocean_menu_typo_spacing_mobile":0,"ocean_menu_typo_spacing_unit":"","ocean_menu_link_color":"","ocean_menu_link_color_hover":"","ocean_menu_link_color_active":"","ocean_menu_link_background":"","ocean_menu_link_hover_background":"","ocean_menu_link_active_background":"","ocean_menu_social_links_bg":"","ocean_menu_social_hover_links_bg":"","ocean_menu_social_links_color":"","ocean_menu_social_hover_links_color":"","ocean_disable_title":"on","ocean_disable_heading":"default","ocean_post_title":"","ocean_post_subheading":"","ocean_post_title_style":"","ocean_post_title_background_color":"","ocean_post_title_background":0,"ocean_post_title_bg_image_position":"","ocean_post_title_bg_image_attachment":"","ocean_post_title_bg_image_repeat":"","ocean_post_title_bg_image_size":"","ocean_post_title_height":0,"ocean_post_title_bg_overlay":0.5,"ocean_post_title_bg_overlay_color":"","ocean_disable_breadcrumbs":"default","ocean_breadcrumbs_color":"","ocean_breadcrumbs_separator_color":"","ocean_breadcrumbs_links_color":"","ocean_breadcrumbs_links_hover_color":"","ocean_display_footer_widgets":"default","ocean_display_footer_bottom":"default","ocean_custom_footer_template":"0","footnotes":""},"class_list":["post-1294","page","type-page","status-publish","hentry","entry"],"_links":{"self":[{"href":"https:\/\/mae.fabricomiweb.com\/index.php\/wp-json\/wp\/v2\/pages\/1294","targetHints":{"allow":["GET"]}}],"collection":[{"href":"https:\/\/mae.fabricomiweb.com\/index.php\/wp-json\/wp\/v2\/pages"}],"about":[{"href":"https:\/\/mae.fabricomiweb.com\/index.php\/wp-json\/wp\/v2\/types\/page"}],"author":[{"embeddable":true,"href":"https:\/\/mae.fabricomiweb.com\/index.php\/wp-json\/wp\/v2\/users\/1"}],"replies":[{"embeddable":true,"href":"https:\/\/mae.fabricomiweb.com\/index.php\/wp-json\/wp\/v2\/comments?post=1294"}],"version-history":[{"count":11,"href":"https:\/\/mae.fabricomiweb.com\/index.php\/wp-json\/wp\/v2\/pages\/1294\/revisions"}],"predecessor-version":[{"id":4429,"href":"https:\/\/mae.fabricomiweb.com\/index.php\/wp-json\/wp\/v2\/pages\/1294\/revisions\/4429"}],"wp:attachment":[{"href":"https:\/\/mae.fabricomiweb.com\/index.php\/wp-json\/wp\/v2\/media?parent=1294"}],"curies":[{"name":"wp","href":"https:\/\/api.w.org\/{rel}","templated":true}]}}