{"id":1329,"date":"2025-05-12T07:46:15","date_gmt":"2025-05-12T07:46:15","guid":{"rendered":"https:\/\/mae.fabricomiweb.es\/?page_id=1329"},"modified":"2025-05-23T11:19:10","modified_gmt":"2025-05-23T11:19:10","slug":"manifiesto-5","status":"publish","type":"page","link":"https:\/\/mae.fabricomiweb.com\/index.php\/manifiesto-5\/","title":{"rendered":"Manifiesto 5 | AGUA (discurso)"},"content":{"rendered":"\t\t<div data-elementor-type=\"wp-post\" data-elementor-id=\"1329\" class=\"elementor elementor-1329\">\n\t\t\t\t<div class=\"elementor-element elementor-element-bed527e e-flex e-con-boxed e-con e-parent\" data-id=\"bed527e\" data-element_type=\"container\">\n\t\t\t\t\t<div class=\"e-con-inner\">\n\t\t<div class=\"elementor-element elementor-element-d33249d e-con-full e-flex e-con e-child\" data-id=\"d33249d\" data-element_type=\"container\">\n\t\t<div class=\"elementor-element elementor-element-1ea2ad0 e-con-full e-flex e-con e-child\" data-id=\"1ea2ad0\" data-element_type=\"container\">\n\t\t\t\t<div class=\"elementor-element elementor-element-2f1f56e otros-manifiestos-enlaces elementor-widget elementor-widget-text-editor\" data-id=\"2f1f56e\" data-element_type=\"widget\" data-widget_type=\"text-editor.default\">\n\t\t\t\t<div class=\"elementor-widget-container\">\n\t\t\t\t\t\t\t\t\t<p style=\"text-align: right;\"><a href=\"https:\/\/mae.fabricomiweb.com\/index.php\/manifiestos\/\"><strong><span style=\"color: #000000;\">Volver<\/span><\/strong><span style=\"color: #808080;\">atr\u00e1s<\/span> <span style=\"color: #ff9900;\">\/<\/span><\/a><\/p>\t\t\t\t\t\t\t\t<\/div>\n\t\t\t\t<\/div>\n\t\t\t\t<\/div>\n\t\t<div class=\"elementor-element elementor-element-4d94e92 e-con-full e-flex e-con e-child\" data-id=\"4d94e92\" data-element_type=\"container\">\n\t\t<div class=\"elementor-element elementor-element-eded8d0 e-con-full e-flex e-con e-child\" data-id=\"eded8d0\" data-element_type=\"container\">\n\t\t\t\t<div class=\"elementor-element elementor-element-ee47a6a elementor-widget elementor-widget-image\" data-id=\"ee47a6a\" data-element_type=\"widget\" data-widget_type=\"image.default\">\n\t\t\t\t<div class=\"elementor-widget-container\">\n\t\t\t\t\t\t\t\t\t\t\t\t\t\t\t<img fetchpriority=\"high\" decoding=\"async\" width=\"225\" height=\"300\" src=\"https:\/\/mae.fabricomiweb.com\/wp-content\/uploads\/2025\/05\/02012011124319-225x300.jpg\" class=\"attachment-medium size-medium wp-image-1334\" alt=\"\" srcset=\"https:\/\/mae.fabricomiweb.com\/wp-content\/uploads\/2025\/05\/02012011124319-225x300.jpg 225w, https:\/\/mae.fabricomiweb.com\/wp-content\/uploads\/2025\/05\/02012011124319-768x1025.jpg 768w, https:\/\/mae.fabricomiweb.com\/wp-content\/uploads\/2025\/05\/02012011124319-1151x1536.jpg 1151w, https:\/\/mae.fabricomiweb.com\/wp-content\/uploads\/2025\/05\/02012011124319.jpg 1533w\" sizes=\"(max-width: 225px) 100vw, 225px\" \/>\t\t\t\t\t\t\t\t\t\t\t\t\t\t\t<\/div>\n\t\t\t\t<\/div>\n\t\t<div class=\"elementor-element elementor-element-c5343d9 e-con-full e-flex e-con e-child\" data-id=\"c5343d9\" data-element_type=\"container\">\n\t\t\t\t<div class=\"elementor-element elementor-element-6c1533f elementor-widget elementor-widget-text-editor\" data-id=\"6c1533f\" data-element_type=\"widget\" data-widget_type=\"text-editor.default\">\n\t\t\t\t<div class=\"elementor-widget-container\">\n\t\t\t\t\t\t\t\t\t<p><span style=\"color: #000000;\"><strong>AGUA (discurso)<\/strong><\/span><\/p>\t\t\t\t\t\t\t\t<\/div>\n\t\t\t\t<\/div>\n\t\t\t\t<div class=\"elementor-element elementor-element-f679023 elementor-widget elementor-widget-text-editor\" data-id=\"f679023\" data-element_type=\"widget\" data-widget_type=\"text-editor.default\">\n\t\t\t\t<div class=\"elementor-widget-container\">\n\t\t\t\t\t\t\t\t\t<p><span style=\"color: #808080;\">Utilizado en las acciones AGUA y POETICLOCHARD.<\/span><\/p>\t\t\t\t\t\t\t\t<\/div>\n\t\t\t\t<\/div>\n\t\t\t\t<\/div>\n\t\t\t\t<\/div>\n\t\t\t\t<\/div>\n\t\t<div class=\"elementor-element elementor-element-8ef9d91 e-con-full e-flex e-con e-child\" data-id=\"8ef9d91\" data-element_type=\"container\">\n\t\t<div class=\"elementor-element elementor-element-71f3242 e-con-full e-flex e-con e-child\" data-id=\"71f3242\" data-element_type=\"container\">\n\t\t\t\t<div class=\"elementor-element elementor-element-989a601 elementor-widget elementor-widget-text-editor\" data-id=\"989a601\" data-element_type=\"widget\" data-widget_type=\"text-editor.default\">\n\t\t\t\t<div class=\"elementor-widget-container\">\n\t\t\t\t\t\t\t\t\t<p style=\"text-align: center;\">\u00abCiudadanos, ciudadanas ladrillo. Bienvenidos Palau. Inauguraci\u00f3n monumento agua. M\u00edtica agua. Palau. Ebro hormig\u00f3n trasvase. Pai, Pai, Pai. Resort ladrillo bloque&#8230; Ah! la plusval\u00eda Alinghi. Palau, Palau y&#8230; un puente cemento Resort. Trasvase, trasvase. Agua para los ni\u00f1os cemento. Agua para los pobres asfalto. Agua para los campos hormig\u00f3n. Agua para todos&#8230; los ladrillos. Cemento para el agua Resort. El agua es un ladrillo Pai. Los Palaus son agua. La plusval\u00eda, el beneficio, son privado hormig\u00f3n. Lo p\u00fablico es agua que algunos ladrillos quieren convertir en cemento. Ay! Pai Ay! Palau! El agua, el agua, el agua.\u00bb<\/p>\t\t\t\t\t\t\t\t<\/div>\n\t\t\t\t<\/div>\n\t\t\t\t<\/div>\n\t\t\t\t<\/div>\n\t\t\t\t<\/div>\n\t\t\t\t\t<\/div>\n\t\t\t\t<\/div>\n\t\t\t\t<\/div>\n\t\t","protected":false},"excerpt":{"rendered":"<p>Volveratr\u00e1s \/ AGUA (discurso) Utilizado en las acciones AGUA y POETICLOCHARD. \u00abCiudadanos, ciudadanas ladrillo. Bienvenidos Palau. Inauguraci\u00f3n monumento agua. M\u00edtica agua. Palau. Ebro hormig\u00f3n trasvase. Pai, Pai, Pai. Resort ladrillo bloque&#8230; Ah! la plusval\u00eda Alinghi. Palau, Palau y&#8230; un puente cemento Resort. Trasvase, trasvase. Agua para los ni\u00f1os cemento. Agua para los pobres asfalto. Agua [&hellip;]<\/p>\n","protected":false},"author":1,"featured_media":0,"parent":0,"menu_order":0,"comment_status":"closed","ping_status":"closed","template":"","meta":{"ocean_post_layout":"full-screen","ocean_both_sidebars_style":"","ocean_both_sidebars_content_width":0,"ocean_both_sidebars_sidebars_width":0,"ocean_sidebar":"0","ocean_second_sidebar":"0","ocean_disable_margins":"enable","ocean_add_body_class":"","ocean_shortcode_before_top_bar":"","ocean_shortcode_after_top_bar":"","ocean_shortcode_before_header":"","ocean_shortcode_after_header":"","ocean_has_shortcode":"","ocean_shortcode_after_title":"","ocean_shortcode_before_footer_widgets":"","ocean_shortcode_after_footer_widgets":"","ocean_shortcode_before_footer_bottom":"","ocean_shortcode_after_footer_bottom":"","ocean_display_top_bar":"default","ocean_display_header":"default","ocean_header_style":"","ocean_center_header_left_menu":"0","ocean_custom_header_template":"0","ocean_custom_logo":0,"ocean_custom_retina_logo":0,"ocean_custom_logo_max_width":0,"ocean_custom_logo_tablet_max_width":0,"ocean_custom_logo_mobile_max_width":0,"ocean_custom_logo_max_height":0,"ocean_custom_logo_tablet_max_height":0,"ocean_custom_logo_mobile_max_height":0,"ocean_header_custom_menu":"0","ocean_menu_typo_font_family":"0","ocean_menu_typo_font_subset":"","ocean_menu_typo_font_size":0,"ocean_menu_typo_font_size_tablet":0,"ocean_menu_typo_font_size_mobile":0,"ocean_menu_typo_font_size_unit":"px","ocean_menu_typo_font_weight":"","ocean_menu_typo_font_weight_tablet":"","ocean_menu_typo_font_weight_mobile":"","ocean_menu_typo_transform":"","ocean_menu_typo_transform_tablet":"","ocean_menu_typo_transform_mobile":"","ocean_menu_typo_line_height":0,"ocean_menu_typo_line_height_tablet":0,"ocean_menu_typo_line_height_mobile":0,"ocean_menu_typo_line_height_unit":"","ocean_menu_typo_spacing":0,"ocean_menu_typo_spacing_tablet":0,"ocean_menu_typo_spacing_mobile":0,"ocean_menu_typo_spacing_unit":"","ocean_menu_link_color":"","ocean_menu_link_color_hover":"","ocean_menu_link_color_active":"","ocean_menu_link_background":"","ocean_menu_link_hover_background":"","ocean_menu_link_active_background":"","ocean_menu_social_links_bg":"","ocean_menu_social_hover_links_bg":"","ocean_menu_social_links_color":"","ocean_menu_social_hover_links_color":"","ocean_disable_title":"on","ocean_disable_heading":"default","ocean_post_title":"","ocean_post_subheading":"","ocean_post_title_style":"","ocean_post_title_background_color":"","ocean_post_title_background":0,"ocean_post_title_bg_image_position":"","ocean_post_title_bg_image_attachment":"","ocean_post_title_bg_image_repeat":"","ocean_post_title_bg_image_size":"","ocean_post_title_height":0,"ocean_post_title_bg_overlay":0.5,"ocean_post_title_bg_overlay_color":"","ocean_disable_breadcrumbs":"default","ocean_breadcrumbs_color":"","ocean_breadcrumbs_separator_color":"","ocean_breadcrumbs_links_color":"","ocean_breadcrumbs_links_hover_color":"","ocean_display_footer_widgets":"default","ocean_display_footer_bottom":"default","ocean_custom_footer_template":"0","footnotes":""},"class_list":["post-1329","page","type-page","status-publish","hentry","entry"],"_links":{"self":[{"href":"https:\/\/mae.fabricomiweb.com\/index.php\/wp-json\/wp\/v2\/pages\/1329","targetHints":{"allow":["GET"]}}],"collection":[{"href":"https:\/\/mae.fabricomiweb.com\/index.php\/wp-json\/wp\/v2\/pages"}],"about":[{"href":"https:\/\/mae.fabricomiweb.com\/index.php\/wp-json\/wp\/v2\/types\/page"}],"author":[{"embeddable":true,"href":"https:\/\/mae.fabricomiweb.com\/index.php\/wp-json\/wp\/v2\/users\/1"}],"replies":[{"embeddable":true,"href":"https:\/\/mae.fabricomiweb.com\/index.php\/wp-json\/wp\/v2\/comments?post=1329"}],"version-history":[{"count":5,"href":"https:\/\/mae.fabricomiweb.com\/index.php\/wp-json\/wp\/v2\/pages\/1329\/revisions"}],"predecessor-version":[{"id":4432,"href":"https:\/\/mae.fabricomiweb.com\/index.php\/wp-json\/wp\/v2\/pages\/1329\/revisions\/4432"}],"wp:attachment":[{"href":"https:\/\/mae.fabricomiweb.com\/index.php\/wp-json\/wp\/v2\/media?parent=1329"}],"curies":[{"name":"wp","href":"https:\/\/api.w.org\/{rel}","templated":true}]}}