{"id":3436,"date":"2025-05-19T07:07:38","date_gmt":"2025-05-19T07:07:38","guid":{"rendered":"https:\/\/mae.fabricomiweb.es\/?page_id=3436"},"modified":"2025-05-23T11:20:34","modified_gmt":"2025-05-23T11:20:34","slug":"tienda","status":"publish","type":"page","link":"https:\/\/mae.fabricomiweb.com\/index.php\/tienda\/","title":{"rendered":"Tienda"},"content":{"rendered":"\t\t<div data-elementor-type=\"wp-post\" data-elementor-id=\"3436\" class=\"elementor elementor-3436\">\n\t\t\t\t<div class=\"elementor-element elementor-element-5c47b0a e-flex e-con-boxed e-con e-parent\" data-id=\"5c47b0a\" data-element_type=\"container\">\n\t\t\t\t\t<div class=\"e-con-inner\">\n\t\t<div class=\"elementor-element elementor-element-39f1192 e-con-full e-flex e-con e-child\" data-id=\"39f1192\" data-element_type=\"container\">\n\t\t\t\t<div class=\"elementor-element elementor-element-add7023 elementor-widget elementor-widget-text-editor\" data-id=\"add7023\" data-element_type=\"widget\" data-widget_type=\"text-editor.default\">\n\t\t\t\t<div class=\"elementor-widget-container\">\n\t\t\t\t\t\t\t\t\t<p><span style=\"color: #000000;\"><strong><span style=\"color: #ff9900;\"><span style=\"color: #000000;\">tienda<\/span><\/span><span style=\"color: #ff9900;\">*<\/span><\/strong><\/span><\/p>\t\t\t\t\t\t\t\t<\/div>\n\t\t\t\t<\/div>\n\t\t<div class=\"elementor-element elementor-element-98b7cac e-con-full e-flex e-con e-child\" data-id=\"98b7cac\" data-element_type=\"container\">\n\t\t\t\t<div class=\"elementor-element elementor-element-f979314 otros-manifiestos-enlaces elementor-widget elementor-widget-text-editor\" data-id=\"f979314\" data-element_type=\"widget\" data-widget_type=\"text-editor.default\">\n\t\t\t\t<div class=\"elementor-widget-container\">\n\t\t\t\t\t\t\t\t\t<p><span style=\"color: #808080;\">\/ <a href=\"https:\/\/mae.fabricomiweb.com\/index.php\/tienda-maniobras\/\">MANIOBRAS<\/a><\/span><\/p>\t\t\t\t\t\t\t\t<\/div>\n\t\t\t\t<\/div>\n\t\t\t\t<div class=\"elementor-element elementor-element-e83f02a otros-manifiestos-enlaces elementor-widget elementor-widget-text-editor\" data-id=\"e83f02a\" data-element_type=\"widget\" data-widget_type=\"text-editor.default\">\n\t\t\t\t<div class=\"elementor-widget-container\">\n\t\t\t\t\t\t\t\t\t<p><span style=\"color: #808080;\">\/ <a href=\"https:\/\/mae.fabricomiweb.com\/index.php\/tienda-descargas\/\">DESCARGAS<\/a><\/span><\/p>\t\t\t\t\t\t\t\t<\/div>\n\t\t\t\t<\/div>\n\t\t\t\t<\/div>\n\t\t\t\t<\/div>\n\t\t<div class=\"elementor-element elementor-element-e2a8550 e-con-full e-flex e-con e-child\" data-id=\"e2a8550\" data-element_type=\"container\">\n\t\t<div class=\"elementor-element elementor-element-f59ac01 e-con-full e-flex e-con e-child\" data-id=\"f59ac01\" data-element_type=\"container\">\n\t\t\t\t<div class=\"elementor-element elementor-element-66006ab elementor-alert-warning elementor-widget elementor-widget-alert\" data-id=\"66006ab\" data-element_type=\"widget\" data-widget_type=\"alert.default\">\n\t\t\t\t<div class=\"elementor-widget-container\">\n\t\t\t\t\t\t\t<div class=\"elementor-alert\" role=\"alert\">\n\n\t\t\t\t\t\t<span class=\"elementor-alert-title\">\u00a1ATENCI\u00d3N!<\/span>\n\t\t\t\n\t\t\t\t\t\t<span class=\"elementor-alert-description\">Actualmente la tienda no posee ning\u00fan tipo de funcionalidad, por lo que esta secci\u00f3n es \u00fanicamente una recreaci\u00f3n de la tienda original. Disculpen las molestias.<\/span>\n\t\t\t\n\t\t\t\t\t\t<button type=\"button\" class=\"elementor-alert-dismiss\" aria-label=\"Descartar esta alerta.\">\n\t\t\t\t\t\t\t\t\t<span aria-hidden=\"true\">&times;<\/span>\n\t\t\t\t\t\t\t<\/button>\n\t\t\t\n\t\t<\/div>\n\t\t\t\t\t\t<\/div>\n\t\t\t\t<\/div>\n\t\t<div class=\"elementor-element elementor-element-3624021 e-con-full e-grid e-con e-child\" data-id=\"3624021\" data-element_type=\"container\">\n\t\t\t\t<div class=\"elementor-element elementor-element-abf5196 otros-manifiestos-enlaces elementor-widget elementor-widget-text-editor\" data-id=\"abf5196\" data-element_type=\"widget\" data-widget_type=\"text-editor.default\">\n\t\t\t\t<div class=\"elementor-widget-container\">\n\t\t\t\t\t\t\t\t\t<p><a href=\"https:\/\/mae.fabricomiweb.com\/index.php\/tienda-carro\/\"><span style=\"color: #808080;\">0<\/span> <span style=\"color: #000000;\"><strong>art\u00edculos<\/strong><\/span> <span style=\"color: #808080;\">en el<\/span> <span style=\"color: #000000;\"><strong>carr<\/strong>o<\/span> <span style=\"color: #ff9900;\">&lt;&lt;<\/span><\/a><\/p>\t\t\t\t\t\t\t\t<\/div>\n\t\t\t\t<\/div>\n\t\t\t\t<div class=\"elementor-element elementor-element-26c6154 elementor-widget elementor-widget-text-editor\" data-id=\"26c6154\" data-element_type=\"widget\" data-widget_type=\"text-editor.default\">\n\t\t\t\t<div class=\"elementor-widget-container\">\n\t\t\t\t\t\t\t\t\t<p style=\"text-align: right;\"><span style=\"color: #808080;\"><b style=\"color: #000000;\">Escaparate <\/b>de<b><\/b><b style=\"color: #000000;\"> art\u00edculos<\/b><\/span>\u00a0<span style=\"color: #ff9900;\">\/<\/span><\/p>\t\t\t\t\t\t\t\t<\/div>\n\t\t\t\t<\/div>\n\t\t\t\t<\/div>\n\t\t\t\t<div class=\"elementor-element elementor-element-ea054c4 elementor-widget-divider--view-line elementor-widget elementor-widget-divider\" data-id=\"ea054c4\" data-element_type=\"widget\" data-widget_type=\"divider.default\">\n\t\t\t\t<div class=\"elementor-widget-container\">\n\t\t\t\t\t\t\t<div class=\"elementor-divider\">\n\t\t\t<span class=\"elementor-divider-separator\">\n\t\t\t\t\t\t<\/span>\n\t\t<\/div>\n\t\t\t\t\t\t<\/div>\n\t\t\t\t<\/div>\n\t\t<div class=\"elementor-element elementor-element-2305036 e-grid e-con-full e-con e-child\" data-id=\"2305036\" data-element_type=\"container\">\n\t\t<div class=\"elementor-element elementor-element-55db502 e-con-full e-flex e-con e-child\" data-id=\"55db502\" data-element_type=\"container\">\n\t\t\t\t<div class=\"elementor-element elementor-element-2abdee9 elementor-widget elementor-widget-image\" data-id=\"2abdee9\" data-element_type=\"widget\" data-widget_type=\"image.default\">\n\t\t\t\t<div class=\"elementor-widget-container\">\n\t\t\t\t\t\t\t\t\t\t\t\t<figure class=\"wp-caption\">\n\t\t\t\t\t\t\t\t\t\t\t<a href=\"https:\/\/mae.fabricomiweb.com\/index.php\/tienda-el-capital-tal-cual-10\/\">\n\t\t\t\t\t\t\t<img fetchpriority=\"high\" decoding=\"async\" width=\"549\" height=\"791\" src=\"https:\/\/mae.fabricomiweb.com\/wp-content\/uploads\/2025\/05\/Captura-de-pantalla-2025-05-19-091532.png\" class=\"attachment-large size-large wp-image-3462\" alt=\"\" srcset=\"https:\/\/mae.fabricomiweb.com\/wp-content\/uploads\/2025\/05\/Captura-de-pantalla-2025-05-19-091532.png 549w, https:\/\/mae.fabricomiweb.com\/wp-content\/uploads\/2025\/05\/Captura-de-pantalla-2025-05-19-091532-208x300.png 208w\" sizes=\"(max-width: 549px) 100vw, 549px\" \/>\t\t\t\t\t\t\t\t<\/a>\n\t\t\t\t\t\t\t\t\t\t\t<figcaption class=\"widget-image-caption wp-caption-text\">14,00\u20ac<\/figcaption>\n\t\t\t\t\t\t\t\t\t\t<\/figure>\n\t\t\t\t\t\t\t\t\t<\/div>\n\t\t\t\t<\/div>\n\t\t\t\t<div class=\"elementor-element elementor-element-42b21d7 elementor-widget-divider--view-line elementor-widget elementor-widget-divider\" data-id=\"42b21d7\" data-element_type=\"widget\" data-widget_type=\"divider.default\">\n\t\t\t\t<div class=\"elementor-widget-container\">\n\t\t\t\t\t\t\t<div class=\"elementor-divider\">\n\t\t\t<span class=\"elementor-divider-separator\">\n\t\t\t\t\t\t<\/span>\n\t\t<\/div>\n\t\t\t\t\t\t<\/div>\n\t\t\t\t<\/div>\n\t\t\t\t<div class=\"elementor-element elementor-element-38b695c elementor-widget elementor-widget-html\" data-id=\"38b695c\" data-element_type=\"widget\" data-widget_type=\"html.default\">\n\t\t\t\t<div class=\"elementor-widget-container\">\n\t\t\t\t\t<input type=\"number\" value=\"1\" min=\"1\" style=\"width: 40px; height: 25px;\">\r\n<button style=\"height: 25px; background-color: white; border: black 1px\">Comprar<\/button>\r\n\t\t\t\t<\/div>\n\t\t\t\t<\/div>\n\t\t\t\t<\/div>\n\t\t<div class=\"elementor-element elementor-element-598e8f4 e-con-full e-flex e-con e-child\" data-id=\"598e8f4\" data-element_type=\"container\">\n\t\t\t\t<div class=\"elementor-element elementor-element-1ba9bb6 elementor-widget elementor-widget-image\" data-id=\"1ba9bb6\" data-element_type=\"widget\" data-widget_type=\"image.default\">\n\t\t\t\t<div class=\"elementor-widget-container\">\n\t\t\t\t\t\t\t\t\t\t\t\t<figure class=\"wp-caption\">\n\t\t\t\t\t\t\t\t\t\t\t<a href=\"https:\/\/mae.fabricomiweb.com\/index.php\/tienda-el-capital-tal-cual-5\/\">\n\t\t\t\t\t\t\t<img decoding=\"async\" width=\"549\" height=\"791\" src=\"https:\/\/mae.fabricomiweb.com\/wp-content\/uploads\/2025\/05\/Captura-de-pantalla-2025-05-19-093934-2.png\" class=\"attachment-large size-large wp-image-3514\" alt=\"\" srcset=\"https:\/\/mae.fabricomiweb.com\/wp-content\/uploads\/2025\/05\/Captura-de-pantalla-2025-05-19-093934-2.png 549w, https:\/\/mae.fabricomiweb.com\/wp-content\/uploads\/2025\/05\/Captura-de-pantalla-2025-05-19-093934-2-208x300.png 208w\" sizes=\"(max-width: 549px) 100vw, 549px\" \/>\t\t\t\t\t\t\t\t<\/a>\n\t\t\t\t\t\t\t\t\t\t\t<figcaption class=\"widget-image-caption wp-caption-text\">7,00\u20ac<\/figcaption>\n\t\t\t\t\t\t\t\t\t\t<\/figure>\n\t\t\t\t\t\t\t\t\t<\/div>\n\t\t\t\t<\/div>\n\t\t\t\t<div class=\"elementor-element elementor-element-fc54f37 elementor-widget-divider--view-line elementor-widget elementor-widget-divider\" data-id=\"fc54f37\" data-element_type=\"widget\" data-widget_type=\"divider.default\">\n\t\t\t\t<div class=\"elementor-widget-container\">\n\t\t\t\t\t\t\t<div class=\"elementor-divider\">\n\t\t\t<span class=\"elementor-divider-separator\">\n\t\t\t\t\t\t<\/span>\n\t\t<\/div>\n\t\t\t\t\t\t<\/div>\n\t\t\t\t<\/div>\n\t\t\t\t<div class=\"elementor-element elementor-element-d8de5e7 elementor-widget elementor-widget-html\" data-id=\"d8de5e7\" data-element_type=\"widget\" data-widget_type=\"html.default\">\n\t\t\t\t<div class=\"elementor-widget-container\">\n\t\t\t\t\t<input type=\"number\" value=\"1\" min=\"1\" style=\"width: 40px; height: 25px;\">\r\n<button style=\"height: 25px; background-color: white; border: black 1px\">Comprar<\/button>\r\n\t\t\t\t<\/div>\n\t\t\t\t<\/div>\n\t\t\t\t<\/div>\n\t\t<div class=\"elementor-element elementor-element-a309541 e-con-full e-flex e-con e-child\" data-id=\"a309541\" data-element_type=\"container\">\n\t\t\t\t<div class=\"elementor-element elementor-element-e50672a elementor-widget elementor-widget-image\" data-id=\"e50672a\" data-element_type=\"widget\" data-widget_type=\"image.default\">\n\t\t\t\t<div class=\"elementor-widget-container\">\n\t\t\t\t\t\t\t\t\t\t\t\t<figure class=\"wp-caption\">\n\t\t\t\t\t\t\t\t\t\t\t<a href=\"https:\/\/mae.fabricomiweb.com\/index.php\/tienda-el-capital-tal-cual-20\/\">\n\t\t\t\t\t\t\t<img decoding=\"async\" width=\"549\" height=\"791\" src=\"https:\/\/mae.fabricomiweb.com\/wp-content\/uploads\/2025\/05\/Captura-de-pantalla-2025-05-19-094106-1.png\" class=\"attachment-large size-large wp-image-3515\" alt=\"\" srcset=\"https:\/\/mae.fabricomiweb.com\/wp-content\/uploads\/2025\/05\/Captura-de-pantalla-2025-05-19-094106-1.png 549w, https:\/\/mae.fabricomiweb.com\/wp-content\/uploads\/2025\/05\/Captura-de-pantalla-2025-05-19-094106-1-208x300.png 208w\" sizes=\"(max-width: 549px) 100vw, 549px\" \/>\t\t\t\t\t\t\t\t<\/a>\n\t\t\t\t\t\t\t\t\t\t\t<figcaption class=\"widget-image-caption wp-caption-text\">28,00\u20ac<\/figcaption>\n\t\t\t\t\t\t\t\t\t\t<\/figure>\n\t\t\t\t\t\t\t\t\t<\/div>\n\t\t\t\t<\/div>\n\t\t\t\t<div class=\"elementor-element elementor-element-2f3744d elementor-widget-divider--view-line elementor-widget elementor-widget-divider\" data-id=\"2f3744d\" data-element_type=\"widget\" data-widget_type=\"divider.default\">\n\t\t\t\t<div class=\"elementor-widget-container\">\n\t\t\t\t\t\t\t<div class=\"elementor-divider\">\n\t\t\t<span class=\"elementor-divider-separator\">\n\t\t\t\t\t\t<\/span>\n\t\t<\/div>\n\t\t\t\t\t\t<\/div>\n\t\t\t\t<\/div>\n\t\t\t\t<div class=\"elementor-element elementor-element-e2a8da5 elementor-widget elementor-widget-html\" data-id=\"e2a8da5\" data-element_type=\"widget\" data-widget_type=\"html.default\">\n\t\t\t\t<div class=\"elementor-widget-container\">\n\t\t\t\t\t<input type=\"number\" value=\"1\" min=\"1\" style=\"width: 40px; height: 25px;\">\r\n<button style=\"height: 25px; background-color: white; border: black 1px\">Comprar<\/button>\r\n\t\t\t\t<\/div>\n\t\t\t\t<\/div>\n\t\t\t\t<\/div>\n\t\t\t\t<\/div>\n\t\t\t\t<\/div>\n\t\t<div class=\"elementor-element elementor-element-85483b8 e-con-full e-flex e-con e-child\" data-id=\"85483b8\" data-element_type=\"container\">\n\t\t\t\t<div class=\"elementor-element elementor-element-7301bb2 elementor-widget elementor-widget-text-editor\" data-id=\"7301bb2\" data-element_type=\"widget\" data-widget_type=\"text-editor.default\">\n\t\t\t\t<div class=\"elementor-widget-container\">\n\t\t\t\t\t\t\t\t\t<p style=\"text-align: right;\"><span style=\"color: #808080;\"><b style=\"color: #000000;\">Art\u00edculos <\/b>en<b><\/b><b style=\"color: #000000;\"> oferta<\/b><\/span>\u00a0<span style=\"color: #ff9900;\">\/<\/span><\/p>\t\t\t\t\t\t\t\t<\/div>\n\t\t\t\t<\/div>\n\t\t\t\t<\/div>\n\t\t\t\t<div class=\"elementor-element elementor-element-fb92248 elementor-widget-divider--view-line elementor-widget elementor-widget-divider\" data-id=\"fb92248\" data-element_type=\"widget\" data-widget_type=\"divider.default\">\n\t\t\t\t<div class=\"elementor-widget-container\">\n\t\t\t\t\t\t\t<div class=\"elementor-divider\">\n\t\t\t<span class=\"elementor-divider-separator\">\n\t\t\t\t\t\t<\/span>\n\t\t<\/div>\n\t\t\t\t\t\t<\/div>\n\t\t\t\t<\/div>\n\t\t<div class=\"elementor-element elementor-element-0c10d2b e-grid e-con-full e-con e-child\" data-id=\"0c10d2b\" data-element_type=\"container\">\n\t\t<div class=\"elementor-element elementor-element-2604d8f e-con-full e-flex e-con e-child\" data-id=\"2604d8f\" data-element_type=\"container\">\n\t\t\t\t<div class=\"elementor-element elementor-element-65f51e9 elementor-widget elementor-widget-image\" data-id=\"65f51e9\" data-element_type=\"widget\" data-widget_type=\"image.default\">\n\t\t\t\t<div class=\"elementor-widget-container\">\n\t\t\t\t\t\t\t\t\t\t\t\t<figure class=\"wp-caption\">\n\t\t\t\t\t\t\t\t\t\t\t<a href=\"https:\/\/mae.fabricomiweb.com\/index.php\/tienda-el-capital-tal-cual-10\/\">\n\t\t\t\t\t\t\t<img fetchpriority=\"high\" decoding=\"async\" width=\"549\" height=\"791\" src=\"https:\/\/mae.fabricomiweb.com\/wp-content\/uploads\/2025\/05\/Captura-de-pantalla-2025-05-19-091532.png\" class=\"attachment-large size-large wp-image-3462\" alt=\"\" srcset=\"https:\/\/mae.fabricomiweb.com\/wp-content\/uploads\/2025\/05\/Captura-de-pantalla-2025-05-19-091532.png 549w, https:\/\/mae.fabricomiweb.com\/wp-content\/uploads\/2025\/05\/Captura-de-pantalla-2025-05-19-091532-208x300.png 208w\" sizes=\"(max-width: 549px) 100vw, 549px\" \/>\t\t\t\t\t\t\t\t<\/a>\n\t\t\t\t\t\t\t\t\t\t\t<figcaption class=\"widget-image-caption wp-caption-text\">14,00\u20ac<\/figcaption>\n\t\t\t\t\t\t\t\t\t\t<\/figure>\n\t\t\t\t\t\t\t\t\t<\/div>\n\t\t\t\t<\/div>\n\t\t\t\t<div class=\"elementor-element elementor-element-a1f4d9c elementor-widget-divider--view-line elementor-widget elementor-widget-divider\" data-id=\"a1f4d9c\" data-element_type=\"widget\" data-widget_type=\"divider.default\">\n\t\t\t\t<div class=\"elementor-widget-container\">\n\t\t\t\t\t\t\t<div class=\"elementor-divider\">\n\t\t\t<span class=\"elementor-divider-separator\">\n\t\t\t\t\t\t<\/span>\n\t\t<\/div>\n\t\t\t\t\t\t<\/div>\n\t\t\t\t<\/div>\n\t\t\t\t<div class=\"elementor-element elementor-element-4264dd0 elementor-widget elementor-widget-html\" data-id=\"4264dd0\" data-element_type=\"widget\" data-widget_type=\"html.default\">\n\t\t\t\t<div class=\"elementor-widget-container\">\n\t\t\t\t\t<input type=\"number\" value=\"1\" min=\"1\" style=\"width: 40px; height: 25px;\">\r\n<button style=\"height: 25px; background-color: white; border: black 1px\">Comprar<\/button>\r\n\t\t\t\t<\/div>\n\t\t\t\t<\/div>\n\t\t\t\t<\/div>\n\t\t<div class=\"elementor-element elementor-element-af7bac9 e-con-full e-flex e-con e-child\" data-id=\"af7bac9\" data-element_type=\"container\">\n\t\t\t\t<div class=\"elementor-element elementor-element-6f289f0 elementor-widget elementor-widget-image\" data-id=\"6f289f0\" data-element_type=\"widget\" data-widget_type=\"image.default\">\n\t\t\t\t<div class=\"elementor-widget-container\">\n\t\t\t\t\t\t\t\t\t\t\t\t<figure class=\"wp-caption\">\n\t\t\t\t\t\t\t\t\t\t\t<a href=\"https:\/\/mae.fabricomiweb.com\/index.php\/tienda-el-capital-tal-cual-5\/\">\n\t\t\t\t\t\t\t<img decoding=\"async\" width=\"549\" height=\"791\" src=\"https:\/\/mae.fabricomiweb.com\/wp-content\/uploads\/2025\/05\/Captura-de-pantalla-2025-05-19-093934-2.png\" class=\"attachment-large size-large wp-image-3514\" alt=\"\" srcset=\"https:\/\/mae.fabricomiweb.com\/wp-content\/uploads\/2025\/05\/Captura-de-pantalla-2025-05-19-093934-2.png 549w, https:\/\/mae.fabricomiweb.com\/wp-content\/uploads\/2025\/05\/Captura-de-pantalla-2025-05-19-093934-2-208x300.png 208w\" sizes=\"(max-width: 549px) 100vw, 549px\" \/>\t\t\t\t\t\t\t\t<\/a>\n\t\t\t\t\t\t\t\t\t\t\t<figcaption class=\"widget-image-caption wp-caption-text\">7,00\u20ac<\/figcaption>\n\t\t\t\t\t\t\t\t\t\t<\/figure>\n\t\t\t\t\t\t\t\t\t<\/div>\n\t\t\t\t<\/div>\n\t\t\t\t<div class=\"elementor-element elementor-element-c2dbaa0 elementor-widget-divider--view-line elementor-widget elementor-widget-divider\" data-id=\"c2dbaa0\" data-element_type=\"widget\" data-widget_type=\"divider.default\">\n\t\t\t\t<div class=\"elementor-widget-container\">\n\t\t\t\t\t\t\t<div class=\"elementor-divider\">\n\t\t\t<span class=\"elementor-divider-separator\">\n\t\t\t\t\t\t<\/span>\n\t\t<\/div>\n\t\t\t\t\t\t<\/div>\n\t\t\t\t<\/div>\n\t\t\t\t<div class=\"elementor-element elementor-element-2955c50 elementor-widget elementor-widget-html\" data-id=\"2955c50\" data-element_type=\"widget\" data-widget_type=\"html.default\">\n\t\t\t\t<div class=\"elementor-widget-container\">\n\t\t\t\t\t<input type=\"number\" value=\"1\" min=\"1\" style=\"width: 40px; height: 25px;\">\r\n<button style=\"height: 25px; background-color: white; border: black 1px\">Comprar<\/button>\r\n\t\t\t\t<\/div>\n\t\t\t\t<\/div>\n\t\t\t\t<\/div>\n\t\t<div class=\"elementor-element elementor-element-4ef24d4 e-con-full e-flex e-con e-child\" data-id=\"4ef24d4\" data-element_type=\"container\">\n\t\t\t\t<div class=\"elementor-element elementor-element-ad10239 elementor-widget elementor-widget-image\" data-id=\"ad10239\" data-element_type=\"widget\" data-widget_type=\"image.default\">\n\t\t\t\t<div class=\"elementor-widget-container\">\n\t\t\t\t\t\t\t\t\t\t\t\t<figure class=\"wp-caption\">\n\t\t\t\t\t\t\t\t\t\t\t<a href=\"https:\/\/mae.fabricomiweb.com\/index.php\/tienda-el-capital-tal-cual-20\/\">\n\t\t\t\t\t\t\t<img decoding=\"async\" width=\"549\" height=\"791\" src=\"https:\/\/mae.fabricomiweb.com\/wp-content\/uploads\/2025\/05\/Captura-de-pantalla-2025-05-19-094106-1.png\" class=\"attachment-large size-large wp-image-3515\" alt=\"\" srcset=\"https:\/\/mae.fabricomiweb.com\/wp-content\/uploads\/2025\/05\/Captura-de-pantalla-2025-05-19-094106-1.png 549w, https:\/\/mae.fabricomiweb.com\/wp-content\/uploads\/2025\/05\/Captura-de-pantalla-2025-05-19-094106-1-208x300.png 208w\" sizes=\"(max-width: 549px) 100vw, 549px\" \/>\t\t\t\t\t\t\t\t<\/a>\n\t\t\t\t\t\t\t\t\t\t\t<figcaption class=\"widget-image-caption wp-caption-text\">28,00\u20ac<\/figcaption>\n\t\t\t\t\t\t\t\t\t\t<\/figure>\n\t\t\t\t\t\t\t\t\t<\/div>\n\t\t\t\t<\/div>\n\t\t\t\t<div class=\"elementor-element elementor-element-2d7b959 elementor-widget-divider--view-line elementor-widget elementor-widget-divider\" data-id=\"2d7b959\" data-element_type=\"widget\" data-widget_type=\"divider.default\">\n\t\t\t\t<div class=\"elementor-widget-container\">\n\t\t\t\t\t\t\t<div class=\"elementor-divider\">\n\t\t\t<span class=\"elementor-divider-separator\">\n\t\t\t\t\t\t<\/span>\n\t\t<\/div>\n\t\t\t\t\t\t<\/div>\n\t\t\t\t<\/div>\n\t\t\t\t<div class=\"elementor-element elementor-element-5ad51bb elementor-widget elementor-widget-html\" data-id=\"5ad51bb\" data-element_type=\"widget\" data-widget_type=\"html.default\">\n\t\t\t\t<div class=\"elementor-widget-container\">\n\t\t\t\t\t<input type=\"number\" value=\"1\" min=\"1\" style=\"width: 40px; height: 25px;\">\r\n<button style=\"height: 25px; background-color: white; border: black 1px\">Comprar<\/button>\r\n\t\t\t\t<\/div>\n\t\t\t\t<\/div>\n\t\t\t\t<\/div>\n\t\t\t\t<\/div>\n\t\t\t\t<\/div>\n\t\t\t\t\t<\/div>\n\t\t\t\t<\/div>\n\t\t\t\t<\/div>\n\t\t","protected":false},"excerpt":{"rendered":"<p>tienda* \/ MANIOBRAS \/ DESCARGAS \u00a1ATENCI\u00d3N! Actualmente la tienda no posee ning\u00fan tipo de funcionalidad, por lo que esta secci\u00f3n es \u00fanicamente una recreaci\u00f3n de la tienda original. Disculpen las molestias. &times; 0 art\u00edculos en el carro &lt;&lt; Escaparate de art\u00edculos\u00a0\/ 14,00\u20ac Comprar 7,00\u20ac Comprar 28,00\u20ac Comprar Art\u00edculos en oferta\u00a0\/ 14,00\u20ac Comprar 7,00\u20ac Comprar 28,00\u20ac [&hellip;]<\/p>\n","protected":false},"author":1,"featured_media":0,"parent":0,"menu_order":0,"comment_status":"closed","ping_status":"closed","template":"","meta":{"ocean_post_layout":"full-screen","ocean_both_sidebars_style":"","ocean_both_sidebars_content_width":0,"ocean_both_sidebars_sidebars_width":0,"ocean_sidebar":"0","ocean_second_sidebar":"0","ocean_disable_margins":"enable","ocean_add_body_class":"","ocean_shortcode_before_top_bar":"","ocean_shortcode_after_top_bar":"","ocean_shortcode_before_header":"","ocean_shortcode_after_header":"","ocean_has_shortcode":"","ocean_shortcode_after_title":"","ocean_shortcode_before_footer_widgets":"","ocean_shortcode_after_footer_widgets":"","ocean_shortcode_before_footer_bottom":"","ocean_shortcode_after_footer_bottom":"","ocean_display_top_bar":"default","ocean_display_header":"default","ocean_header_style":"","ocean_center_header_left_menu":"0","ocean_custom_header_template":"0","ocean_custom_logo":0,"ocean_custom_retina_logo":0,"ocean_custom_logo_max_width":0,"ocean_custom_logo_tablet_max_width":0,"ocean_custom_logo_mobile_max_width":0,"ocean_custom_logo_max_height":0,"ocean_custom_logo_tablet_max_height":0,"ocean_custom_logo_mobile_max_height":0,"ocean_header_custom_menu":"0","ocean_menu_typo_font_family":"0","ocean_menu_typo_font_subset":"","ocean_menu_typo_font_size":0,"ocean_menu_typo_font_size_tablet":0,"ocean_menu_typo_font_size_mobile":0,"ocean_menu_typo_font_size_unit":"px","ocean_menu_typo_font_weight":"","ocean_menu_typo_font_weight_tablet":"","ocean_menu_typo_font_weight_mobile":"","ocean_menu_typo_transform":"","ocean_menu_typo_transform_tablet":"","ocean_menu_typo_transform_mobile":"","ocean_menu_typo_line_height":0,"ocean_menu_typo_line_height_tablet":0,"ocean_menu_typo_line_height_mobile":0,"ocean_menu_typo_line_height_unit":"","ocean_menu_typo_spacing":0,"ocean_menu_typo_spacing_tablet":0,"ocean_menu_typo_spacing_mobile":0,"ocean_menu_typo_spacing_unit":"","ocean_menu_link_color":"","ocean_menu_link_color_hover":"","ocean_menu_link_color_active":"","ocean_menu_link_background":"","ocean_menu_link_hover_background":"","ocean_menu_link_active_background":"","ocean_menu_social_links_bg":"","ocean_menu_social_hover_links_bg":"","ocean_menu_social_links_color":"","ocean_menu_social_hover_links_color":"","ocean_disable_title":"on","ocean_disable_heading":"default","ocean_post_title":"","ocean_post_subheading":"","ocean_post_title_style":"","ocean_post_title_background_color":"","ocean_post_title_background":0,"ocean_post_title_bg_image_position":"","ocean_post_title_bg_image_attachment":"","ocean_post_title_bg_image_repeat":"","ocean_post_title_bg_image_size":"","ocean_post_title_height":0,"ocean_post_title_bg_overlay":0.5,"ocean_post_title_bg_overlay_color":"","ocean_disable_breadcrumbs":"default","ocean_breadcrumbs_color":"","ocean_breadcrumbs_separator_color":"","ocean_breadcrumbs_links_color":"","ocean_breadcrumbs_links_hover_color":"","ocean_display_footer_widgets":"default","ocean_display_footer_bottom":"default","ocean_custom_footer_template":"0","footnotes":""},"class_list":["post-3436","page","type-page","status-publish","hentry","entry"],"_links":{"self":[{"href":"https:\/\/mae.fabricomiweb.com\/index.php\/wp-json\/wp\/v2\/pages\/3436","targetHints":{"allow":["GET"]}}],"collection":[{"href":"https:\/\/mae.fabricomiweb.com\/index.php\/wp-json\/wp\/v2\/pages"}],"about":[{"href":"https:\/\/mae.fabricomiweb.com\/index.php\/wp-json\/wp\/v2\/types\/page"}],"author":[{"embeddable":true,"href":"https:\/\/mae.fabricomiweb.com\/index.php\/wp-json\/wp\/v2\/users\/1"}],"replies":[{"embeddable":true,"href":"https:\/\/mae.fabricomiweb.com\/index.php\/wp-json\/wp\/v2\/comments?post=3436"}],"version-history":[{"count":47,"href":"https:\/\/mae.fabricomiweb.com\/index.php\/wp-json\/wp\/v2\/pages\/3436\/revisions"}],"predecessor-version":[{"id":4438,"href":"https:\/\/mae.fabricomiweb.com\/index.php\/wp-json\/wp\/v2\/pages\/3436\/revisions\/4438"}],"wp:attachment":[{"href":"https:\/\/mae.fabricomiweb.com\/index.php\/wp-json\/wp\/v2\/media?parent=3436"}],"curies":[{"name":"wp","href":"https:\/\/api.w.org\/{rel}","templated":true}]}}